e units digit of 58596282?
2
What is the ten millions digit of 67114554?
6
What is the millions digit of 20120750?
0
What is the ten thousands digit of 256716909?
1
What is the millions digit of 270718606?
0
What is the millions digit of 40058129?
0
What is the tens digit of 6378567114?
1
What is the millions digit of 147322641?
7
What is the hundred thousands digit of 218879869?
8
What is the ten millions digit of 69679914?
6
What is the tens digit of 360595854?
5
What is the hundreds digit of 2510277164?
1
What is the hundreds digit of 554813692?
6
What is the hundred thousands digit of 37269256?
2
What is the tens digit of 107946079?
7
What is the thousands digit of 1090678187?
8
What is the millions digit of 48841663?
8
What is the ten millions digit of 53830336?
5
What is the ten thousands digit of 417782929?
8
What is the units digit of 2507174661?
1
What is the tens digit of 942795077?
7
What is the tens digit of 658017303?
0
What is the millions digit of 256205156?
6
What is the thousands digit of 137111315?
1
What is the ten thousands digit of 319117985?
1
What is the hundred thousands digit of 2915731222?
7
What is the hundred millions digit of 103258143?
1
What is the thousands digit of 18119657?
9
What is the ten millions digit of 964135363?
6
What is the ten millions digit of 1486467349?
8
What is the millions digit of 1169459291?
9
What is the tens digit of 1031440773?
7
What is the millions digit of 346684078?
6
What is the ten thousands digit of 83702578?
0
What is the hundred millions digit of 584733237?
5
What is the tens digit of 40951006?
0
What is the ten millions digit of 34893690?
3
What is the ten thousands digit of 199851562?
5
What is the units digit of 1627328857?
7
What is the tens digit of 204288191?
9
What is the hundreds digit of 123322451?
4
What is the hundreds digit of 57577454?
4
What is the hundred thousands digit of 2206525817?
5
What is the millions digit of 51591537?
1
What is the tens digit of 2372755845?
4
What is the units digit of 241705138?
8
What is the hundreds digit of 226758456?
4
What is the tens digit of 63705290?
9
What is the hundred thousands digit of 4511516?
5
What is the ten millions digit of 140125260?
4
What is the tens digit of 1012490335?
3
What is the hundred thousands digit of 452406492?
4
What is the hundreds digit of 6799186?
1
What is the ten thousands digit of 795917893?
1
What is the ten thousands digit of 809576546?
7
What is the millions digit of 3219957677?
9
What is the ten thousands digit of 203354830?
5
What is the ten thousands digit of 63158428?
5
What is the hundred thousands digit of 5332134009?
1
What is the hundred millions digit of 547917013?
5
What is the hundreds digit of 2108022559?
5
What is the hundred thousands digit of 1428087273?
0
What is the ten thousands digit of 508690345?
9
What is the thousands digit of 2990210?
0
What is the millions digit of 44361064?
4
What is the hundreds digit of 22210893?
8
What is the hundreds digit of 25241089?
0
What is the ten millions digit of 242471277?
4
What is the units digit of 132787450?
0
What is the millions digit of 110159565?
0
What is the ten thousands digit of 170205852?
0
What is the ten thousands digit of 60900610?
0
What is the millions digit of 3969865186?
9
What is the units digit of 6205814742?
2
What is the tens digit of 1881159750?
5
What is the ten thousands digit of 101179551?
7
What is the hundreds digit of 35747627?
6
What is the hundred thousands digit of 1401298527?
2
What is the thousands digit of 4856206072?
6
What is the hundred thousands digit of 81592934?
5
What is the millions digit of 52942441?
2
What is the ten thousands digit of 80801326?
0
What is the ten millions digit of 25142430?
2
What is the billions digit of 3035096794?
3
What is the tens digit of 845466640?
4
What is the hundred millions digit of 1884010684?
8
What is the billions digit of 4074097383?
4
What is the ten thousands digit of 2214324348?
2
What is the hundreds digit of 38598766?
7
What is the ten thousands digit of 723640033?
4
What is the ten thousands digit of 298533511?
3
What is the units digit of 138890241?
1
What is the hundreds digit of 328923965?
9
What is the millions digit of 258404802?
8
What is the tens digit of 525593?
9
What is the ten thousands digit of 2465659695?
5
What is the millions digit of 77606940?
7
What is the tens digit of 270274795?
9
What is the tens digit of 4349192225?
2
What is the ten thousands digit of 3549547?
4
What is the tens digit of 26909280?
8
What is the hundred thousands digit of 15724464?
7
What is the units digit of 23826356?
6
What is the units digit of 142410375?
5
What is the hundred millions digit of 897056909?
8
What is the tens digit of 378376756?
5
What is the hundred thousands digit of 150963966?
9
What is the millions digit of 133320312?
3
What is the hundred thousands digit of 94789625?
7
What is the millions digit of 526603222?
6
What is the tens digit of 1155550827?
2
What is the hundred thousands digit of 81772557?
7
What is the hundreds digit of 810999145?
1
What is the ten thousands digit of 4758302938?
0
What is the hundred thousands digit of 196685466?
6
What is the millions digit of 5610313601?
0
What is the hundred millions digit of 634390128?
6
What is the ten millions digit of 30046923?
3
What is the hundreds digit of 94968947?
9
What is the hundreds digit of 1676203753?
7
What is the tens digit of 1428698739?
3
What is the tens digit of 36720436?
3
What is the units digit of 633292807?
7
What is the tens digit of 2213945?
4
What is the tens digit of 2104193148?
4
What is the units digit of 67957551?
1
What is the millions digit of 102645436?
2
What is the thousands digit of 185863656?
3
What is the hundred thousands digit of 9768096?
7
What is the ten millions digit of 261351744?
6
What is the hundred thousands digit of 26680054?
6
What is the tens digit of 368930481?
8
What is the hundred thousands digit of 575269649?
2
What is the thousands digit of 291479041?
9
What is the hundred thousands digit of 119139340?
1
What is the hundred millions digit of 2263657697?
2
What is the hundreds digit of 68570125?
1
What is the hundreds digit of 1724458700?
7
What is the hundred thousands digit of 2862774037?
7
What is the hundred millions digit of 487394511?
4
What is the ten millions digit of 24831169?
2
What is the hundred thousands digit of 2530025527?
0
What is the ten thousands digit of 97947355?
4
What is the billions digit of 1327958575?
1
What is the millions digit of 2980091726?
0
What is the ten millions digit of 1071371431?
7
What is the units digit of 428749603?
3
What is the tens digit of 1346071143?
4
What is the ten millions digit of 58443871?
5
What is the hundred millions digit of 858108375?
8
What is the billions digit of 3811615990?
3
What is the hundred thousands digit of 46794318?
7
What is the units digit of 355614491?
1
What is the hundred millions digit of 2265514555?
2
What is the tens digit of 39803452?
5
What is the ten thousands digit of 408744298?
4
What is the millions digit of 338377328?
8
What is the hundred thousands digit of 496332097?
3
What is the ten thousands digit of 1383601523?
0
What is the ten thousands digit of 694172354?
7
What is the hundred thousands digit of 16200302?
2
What is the ten thousands digit of 1256365677?
6
What is the ten thousands digit of 680436703?
3
What is the ten millions digit of 109852828?
0
What is the ten millions digit of 92253278?
9
What is the thousands digit of 94231010?
1
What is the thousands digit of 3819483?
9
What is the millions digit of 12818870?
2
What is the hundred thousands digit of 19396864?
3
What is the hundreds digit of 76045461?
4
What is the hundred thousands digit of 3677498965?
4
What is the units digit of 1940762839?
9
What is the tens digit of 132617462?
6
What is the millions digit of 3392729305?
2
What is the ten millions digit of 1583959413?
8
What is the millions digit of 35506481?
5
What is the ten millions digit of 1300795073?
0
What is the thousands digit of 5067577966?
7
What is the ten millions digit of 16171191?
1
What is the ten thousands digit of 253122821?
2
What is the ten millions digit of 35776444?
3
What is the hundred millions digit of 649074042?
6